 120 - 17. Let u = g - 51. What is the tens digit of u?
5
Let i(p) = p**3 - p**2. Let t be i(2). Suppose n - t*x = -0*x + 173, -5*n = 5*x - 890. What is the hundreds digit of n?
1
Suppose 5*g + 92 + 158 = 0. Let z = 94 + g. What is the tens digit of z?
4
Let b(q) = 532*q**2 - 6*q - 3. What is the tens digit of b(-1)?
3
Let q(t) = 3*t - 7. Let u be q(6). Let l(k) = 320*k**2 - k**3 - 7*k + 317*k**2 + 1 - 625*k**2. What is the units digit of l(u)?
5
Let y(f) = f**3 - 7*f**2 + 3*f - 74. What is the tens digit of y(10)?
5
What is the tens digit of (-42)/(12 + -5) + 442/1?
3
What is the units digit of (0 + (7 - -10))/(1 - 0)?
7
Suppose -6 = -2*h + 16. Let t be (41 - -1) + (h - 8). Let n = t - 10. What is the units digit of n?
5
Let i = 3 - 3. Suppose 3*o - q - 12 = -i*o, 16 = 5*o - 3*q. Suppose -x + 20 = -2*h, o*x = h + 2*h + 121. What is the tens digit of x?
2
Let r(k) = -k**2 - 18*k - 18. Let a be r(-15). Let x = a + -1. What is the units digit of x?
6
Let f = 665 + -16. Suppose 7*u = f + 170. What is the units digit of u?
7
Suppose 7*o - 2*o = -c + 2217, 2*c = -4*o + 1770. What is the tens digit of o?
4
Suppose -3*v + 10*v = 56. Let r(d) = 2*d + 13. What is the tens digit of r(v)?
2
Let y = 20 - 61. Let w = y - -68. Let a = w + 11. What is the units digit of a?
8
What is the hundreds digit of (2 - -1*2)/((-132)/(-63822))?
9
Suppose 4*m - 130 = -m. Let i = 122 - 96. What is the units digit of 602/i - 4/m?
3
Let d(h) = 8*h**2 - 4*h - 1. Let s(b) = b**2 + 1. Let i(x) = d(x) - 6*s(x). Let y(f) = -f**2 - 8*f - 5. Let l be y(-8). What is the tens digit of i(l)?
6
Suppose -40*s + 30679 = 2439. What is the hundreds digit of s?
7
Let b(t) = t**3 - t**2 + 1. Let f(n) = -3*n**3 + 3*n**2 - 2*n - 2. Let s = -10 - -14. Let r(a) = s*b(a) + f(a). What is the tens digit of r(3)?
1
Suppose -a - 2*a = -2*w - 3, 5*w + 16 = -a. What is the units digit of 1 - a - (0 - 3)?
5
Suppose 3*m + 306 = 4*o - 2*o, -3*m + 594 = 4*o. Suppose -29*t + o = -24*t. What is the tens digit of t?
3
Let s be (8/4 + 5)*-2. Let v be (18/3)/((-3)/s). What is the tens digit of v/(2 + -1 + 1)?
1
Suppose 4*b = 3*b + 21. Let r = -3 + b. What is the units digit of r?
8
Let n(r) = 3*r + 13. Let a be n(0). Let i = 287 - 172. Suppose -8*p = -a*p + i. What is the tens digit of p?
2
Let m(k) = 2*k + 15. Let l be m(-7). Suppose -3*n - l = 2, -2*n = -4*r + 174. What is the tens digit of r?
4
Suppose -11*c = -913 - 9504. What is the units digit of c?
7
Let p(a) = -2*a + 41. Let s be p(19). Suppose -s*v + 4*v = 20. What is the tens digit of v?
2
Suppose 3*i + 84 = 4*x, -2*x + 3*i - 42 = -5*x. What is the tens digit of (-3)/18 - ((-2037)/x + -2)?
1
Let y(q) = 6*q + 11. Let d(p) = 5*p + 11. Let t(z) = 9*z + 22. Let h(m) = -5*d(m) + 2*t(m). Let r(w) = 2*h(w) + 3*y(w). What is the units digit of r(9)?
7
Let g be (-2)/(-5)*(-300)/(-10). What is the units digit of (g + 2 + -4)*2?
0
Let j(k) = -8*k + 7. Let x(v) = -14*v + 7. Let d(c) = -13*c + 7. Let g(l) = 5*d(l) - 4*x(l). Let s(n) = 3*g(n) - 4*j(n). What is the units digit of s(6)?
3
Suppose 0*i + 85 = -4*l + i, l - i = -25. What is the tens digit of ((-16)/l)/((-5)/((-2950)/4))?
1
Let c be ((-3)/9)/((-1)/3). Let x(m) = 123*m**3 + 4*m - 3. What is the hundreds digit of x(c)?
1
Suppose 4*n = 4937 + 3891. What is the thousands digit of n?
2
Let i(b) be the first derivative of -b - 4 + 1/2*b**2. What is the units digit of i(6)?
5
Let z(f) = f**2 + 9*f - 17. Let a be z(-14). Let b = 5 + a. What is the units digit of b?
8
Let q(r) = 19*r + 4. Let k be q(-5). What is the tens digit of k/52*1*-8?
1
Suppose -3*j - 3*i = -0*i - 12, 2*j - 32 = 4*i. Suppose 0 = s - 0*w - 4*w - 94, -2*s = -w - 160. Suppose s = j*r - 5*r. What is the tens digit of r?
2
What is the thousands digit of -110*1*(-1 - 16)?
1
Suppose -5*w + 5751 = 4*s, -w - 22*s = -18*s - 1147. What is the thousands digit of w?
1
Let g(f) = -f**3 - 9*f**2 - 2*f + 11. Let a(b) = 4*b**2 + 2*b + 1. Let y be a(-1). Suppose 0 = -h + y*h + 18. What is the units digit of g(h)?
9
Suppose -33 = -3*p + 9. Let k be p/35 + 48/5. Let s(i) = -i**2 + 11*i + 9. What is the units digit of s(k)?
9
Suppose 17*j - 8505 = 14*j. What is the tens digit of j?
3
Let r be 357/7*(1 - (-1 + -1)). What is the units digit of r/(-1)*4/(-12)?
1
Let s be -2 + (-1 - 3/(-6))*-8. Suppose -5*k = -4*p + 810, -2*k - 804 = -6*p + s*p. What is the units digit of p?
0
What is the hundreds digit of (-2 - -7)/15*1461?
4
Let k be 5*(3/(-3) + 2). Suppose k*d = 6*d - 58. What is the units digit of d?
8
Let q be (-4)/(-22) - 11853/33. Let y = q + 525. Suppose -y = -4*l - 50. What is the tens digit of l?
2
Suppose -7*f - 8*f + 315 = 0. What is the units digit of 2 - (6/f - 4086/42)?
9
What is the tens digit of ((-45)/(-5))/(-3) + 4144/2?
6
Let c(w) = -37*w + 5 + 26*w**2 - 5 - 23*w**2. What is the units digit of c(15)?
0
Let h(b) = -4*b**2 - 2*b + 1. Let c be -2 + (-3 + -3)/(-2). Let z be h(c). Let u = 4 - z. What is the units digit of u?
9
What is the tens digit of 46/230 + (0 - 2869/(-5))?
7
Let y = 241 - 99. What is the tens digit of y?
4
Let v = -218 + 21. Let u = v + 388. What is the units digit of u?
1
Let n be 6*(-2 + (-10)/(-4)). Suppose -4*v = v, n*v + 260 = -4*g. Let b = -21 - g. What is the tens digit of b?
4
Suppose -4*d - 5*l = -1692, -7*d + 2*l + 1246 = -4*d. What is the tens digit of d?
1
Suppose -5*d - 6*a + 2*a - 10 = 0, 5*d = -5*a - 15. Let c(r) = -7 - r - 7 + r**d - 6*r + 4. What is the units digit of c(10)?
0
Let l(k) = -2*k**2. Let g be l(0). Let b = g + 4. Suppose -b*a + 14 = -3*a. What is the tens digit of a?
1
Let n be (-8)/3*(-189)/36. Let h(c) = c**3 + 6*c**2 - c - 1. Let w be h(-6). Suppose -w*a = -n - 16. What is the units digit of a?
6
Suppose 3*i = 2*t + 53, 2*t = -2*i - 2*i + 94. Suppose -i + 0 = -7*s. Suppose -s*m - 73 = -208. What is the units digit of m?
5
Suppose 3 = -3*o - 3*q, 6*o - 5*o + 5 = -5*q. Suppose o = -4*p - 3*h + 296, 0 = 2*p - 4*h - 86 - 84. What is the units digit of p?
7
Let g = -10 + 7. What is the units digit of (-10)/(-3)*(0 - g)?
0
Let n(g) = -g + 1. Suppose 0 = -6*z + 11*z + 5. Let a(o) = 2*o - 2. Let l(q) = z*a(q) - n(q). What is the tens digit of l(-11)?
1
Let v = 669 + -28. Suppose v + 314 = 5*l. What is the tens digit of 1/((-4)/(-1 - l))?
4
Let s(o) = -o**2 - 18*o - 11. Let j be 2 + 0 + -2 - (-2 - -11). What is the units digit of s(j)?
0
Suppose -208 - 3081 = -13*b. What is the tens digit of b?
5
Let o(q) = 22*q + 13. Suppose 0*a - 3*a = -2*x - 37, 4*x - 3 = -a. Let p(j) = 11*j + 7. Let m(t) = a*p(t) - 6*o(t). What is the tens digit of m(-2)?
2
What is the units digit of 9/(-18)*20 - -33?
3
Suppose -35*p = -39*p + 25220. What is the hundreds digit of p?
3
Let a(d) be the third derivative of d**5/60 - d**4/24 + d**3/2 + 13*d**2. Let r = -7 + 10. What is the units digit of a(r)?
9
Suppose 0 = -4*g - 3*h - 2*h + 672, -4*h + 503 = 3*g. Let o = g - 93. What is the units digit of o?
0
Let p be (152/((-8)/2))/(-2). Suppose -p*t = -18*t - 61. What is the tens digit of t?
6
Suppose -19*p = -9*p - 30. What is the units digit of 424/6 + ((-35)/(-15) - p)?
0
Suppose 3*w - 5*w + 2240 = -5*u, 3*w - u = 3360. What is the hundreds digit of w?
1
Suppose -4*s + 6*w + 2830 = 7*w, -2*s + 2*w + 1420 = 0. What is the units digit of s?
8
Suppose 13*v = 14*v - 209. Let x = -143 + v. Let z = x - 41. What is the units digit of z?
5
Let k = 2122 - 1193. What is the units digit of k?
9
Let t = -11 + 29. Suppose 3*m + 0*m = t. Let x = m + 21. What is the tens digit of x?
2
Let u be 18 - (0 + 7 - 4). Suppose -19*j + 216 = -u*j. What is the tens digit of j?
5
Suppose 236 + 256 = -4*s. Let o = s + 74. Let n = -33 - o. What is the units digit of n?
6
Let b(k) = -6*k**2 + 46*k + 1. Let y(g) = g**2 - 9*g. Let p(t) = 2*b(t) + 11*y(t). Let j be p(-6). What is the units digit of (-3)/(-9)*(j - -1)?
3
Let v be 1245/10 - 1/2. Let j = -30 + v. Suppose 5*n = 3*q - j, -5*q - 2*n + 210 = 3*n. What is the tens digit of q?
3
Let t(j) = 19*j - 54. What is the tens digit of t(13)?
9
Let r(a) = 5*a + 1. Let x be r(2). Suppose -13 - x = -4*p. What is the tens digit of ((-2)/8)/(p/(-1608))?
6
Let j = 8 - 3. Let s be (-5 - 0)*(j + -6). Suppose 87 + 38 = s*f. What is the units digit of f?
5
What is the tens digit of (-8)/(-12) + 1238/6 - -4?
1
What i